of 228043133?
2
What is the hundred thousands digit of 47426754?
4
What is the thousands digit of 45297836?
7
What is the hundred thousands digit of 2034165019?
1
What is the hundred thousands digit of 5359991196?
9
What is the units digit of 747998764?
4
What is the tens digit of 47426301?
0
What is the millions digit of 55921094?
5
What is the millions digit of 16491139?
6
What is the hundreds digit of 1813254365?
3
What is the ten millions digit of 259701637?
5
What is the ten millions digit of 122425611?
2
What is the thousands digit of 6478391?
8
What is the ten millions digit of 336719143?
3
What is the tens digit of 1565938697?
9
What is the ten thousands digit of 844259420?
5
What is the ten millions digit of 253021671?
5
What is the hundreds digit of 19259411?
4
What is the millions digit of 7526623?
7
What is the units digit of 913275215?
5
What is the millions digit of 61211113?
1
What is the units digit of 53338935?
5
What is the units digit of 10218680?
0
What is the ten millions digit of 124680924?
2
What is the ten millions digit of 569879839?
6
What is the hundred millions digit of 712470468?
7
What is the ten thousands digit of 214130631?
3
What is the thousands digit of 1539719490?
9
What is the hundred millions digit of 559154252?
5
What is the ten millions digit of 92103263?
9
What is the ten thousands digit of 4398142326?
4
What is the hundreds digit of 623524261?
2
What is the units digit of 148413279?
9
What is the ten thousands digit of 7338196?
3
What is the tens digit of 46017408?
0
What is the ten thousands digit of 1317524427?
2
What is the hundred millions digit of 1313484191?
3
What is the thousands digit of 629942878?
2
What is the units digit of 97643081?
1
What is the thousands digit of 68724374?
4
What is the ten thousands digit of 435330373?
3
What is the millions digit of 2602771?
2
What is the thousands digit of 92588612?
8
What is the units digit of 11985650?
0
What is the millions digit of 1136833448?
6
What is the tens digit of 75585883?
8
What is the hundreds digit of 66418623?
6
What is the tens digit of 43436769?
6
What is the millions digit of 60216164?
0
What is the hundreds digit of 126961844?
8
What is the thousands digit of 138683506?
3
What is the thousands digit of 5183744448?
4
What is the hundred millions digit of 124895469?
1
What is the ten millions digit of 258026387?
5
What is the units digit of 4570324?
4
What is the ten thousands digit of 6906106544?
0
What is the thousands digit of 112580847?
0
What is the hundred thousands digit of 3915427?
9
What is the thousands digit of 804859275?
9
What is the billions digit of 1480543989?
1
What is the ten thousands digit of 25036282?
3
What is the hundreds digit of 2119598022?
0
What is the thousands digit of 430279142?
9
What is the hundred thousands digit of 702537409?
5
What is the units digit of 31521899?
9
What is the units digit of 54151553?
3
What is the hundred millions digit of 196986604?
1
What is the hundreds digit of 142946945?
9
What is the ten thousands digit of 31641461?
4
What is the hundred millions digit of 3137693673?
1
What is the hundreds digit of 261844367?
3
What is the hundred millions digit of 179653849?
1
What is the millions digit of 1209601988?
9
What is the thousands digit of 1493501876?
1
What is the hundred thousands digit of 406530633?
5
What is the hundreds digit of 234395259?
2
What is the ten millions digit of 1822174165?
2
What is the thousands digit of 2060131155?
1
What is the thousands digit of 5590845?
0
What is the thousands digit of 27306840?
6
What is the millions digit of 284658646?
4
What is the thousands digit of 874842841?
2
What is the hundred thousands digit of 330370157?
3
What is the hundred thousands digit of 303769130?
7
What is the hundreds digit of 95559829?
8
What is the hundreds digit of 5275667834?
8
What is the ten millions digit of 415666624?
1
What is the hundred millions digit of 561947933?
5
What is the ten millions digit of 2420991430?
2
What is the hundred millions digit of 2345677140?
3
What is the hundred millions digit of 184148925?
1
What is the ten thousands digit of 2715434161?
3
What is the hundred millions digit of 168730982?
1
What is the hundred thousands digit of 6510044?
5
What is the hundreds digit of 381062664?
6
What is the hundred thousands digit of 27728258?
7
What is the millions digit of 18522708?
8
What is the tens digit of 1141013566?
6
What is the ten thousands digit of 262657697?
5
What is the hundred thousands digit of 53172432?
1
What is the units digit of 512744666?
6
What is the ten millions digit of 31020881?
3
What is the hundred thousands digit of 80300162?
3
What is the hundreds digit of 1341858654?
6
What is the ten thousands digit of 701158438?
5
What is the hundred millions digit of 812741965?
8
What is the units digit of 19616912?
2
What is the ten millions digit of 2348115326?
4
What is the tens digit of 107287213?
1
What is the tens digit of 98454416?
1
What is the hundred millions digit of 151163066?
1
What is the units digit of 1861966894?
4
What is the hundreds digit of 1698279548?
5
What is the ten thousands digit of 6026090?
2
What is the units digit of 45000880?
0
What is the ten thousands digit of 511798220?
9
What is the hundred thousands digit of 39464713?
4
What is the hundred thousands digit of 688372304?
3
What is the ten thousands digit of 90883774?
8
What is the millions digit of 16744770?
6
What is the thousands digit of 688999696?
9
What is the hundreds digit of 101884927?
9
What is the hundred thousands digit of 27671828?
6
What is the thousands digit of 564564755?
4
What is the millions digit of 3336308678?
6
What is the thousands digit of 94438358?
8
What is the billions digit of 1525824959?
1
What is the millions digit of 49928867?
9
What is the thousands digit of 58618051?
8
What is the thousands digit of 7924185235?
5
What is the hundreds digit of 66171973?
9
What is the ten millions digit of 625696532?
2
What is the hundreds digit of 664003982?
9
What is the thousands digit of 1800949023?
9
What is the units digit of 2879158069?
9
What is the thousands digit of 6272378?
2
What is the units digit of 111226787?
7
What is the ten thousands digit of 42953263?
5
What is the millions digit of 1929130413?
9
What is the ten thousands digit of 76031778?
3
What is the ten millions digit of 154150027?
5
What is the units digit of 14047823?
3
What is the thousands digit of 205319879?
9
What is the hundreds digit of 2935577793?
7
What is the hundred thousands digit of 69881012?
8
What is the hundreds digit of 2218916496?
4
What is the millions digit of 1116625158?
6
What is the units digit of 29224498?
8
What is the tens digit of 942613690?
9
What is the millions digit of 39508461?
9
What is the thousands digit of 1250272490?
2
What is the hundred millions digit of 336470166?
3
What is the tens digit of 2714202044?
4
What is the hundred millions digit of 2563658858?
5
What is the hundred thousands digit of 149191785?
1
What is the thousands digit of 14751100?
1
What is the millions digit of 1752414499?
2
What is the tens digit of 11759837?
3
What is the ten thousands digit of 517727841?
2
What is the tens digit of 27321257?
5
What is the hundred millions digit of 636094465?
6
What is the thousands digit of 8845811583?
1
What is the hundred thousands digit of 1459777009?
7
What is the thousands digit of 7019373295?
3
What is the thousands digit of 20721536?
1
What is the ten millions digit of 12998958?
1
What is the tens digit of 14615944?
4
What is the tens digit of 368433209?
0
What is the hundred thousands digit of 27694707?
6
What is the tens digit of 998210813?
1
What is the hundreds digit of 596965212?
2
What is the hundred thousands digit of 311147490?
1
What is the ten thousands digit of 3437352952?
5
What is the hundred thousands digit of 32729998?
7
What is the units digit of 786857217?
7
What is the tens digit of 2624772237?
3
What is the thousands digit of 66918396?
8
What is the ten thousands digit of 88918754?
1
What is the tens digit of 913473693?
9
What is the units digit of 1424489152?
2
What is the millions digit of 256518100?
6
What is the hundred millions digit of 689007253?
6
What is the millions digit of 45604